 17362?
9
What is the remainder when 15195 is divided by 95?
90
Calculate the remainder when 1837 is divided by 522.
271
What is the remainder when 3462 is divided by 155?
52
Calculate the remainder when 40261 is divided by 50.
11
What is the remainder when 26898 is divided by 472?
466
What is the remainder when 931681 is divided by 27?
19
Calculate the remainder when 255479 is divided by 512.
503
What is the remainder when 81678 is divided by 40?
38
What is the remainder when 70801 is divided by 112?
17
What is the remainder when 4489 is divided by 78?
43
What is the remainder when 23188 is divided by 15?
13
Calculate the remainder when 100384 is divided by 33.
31
Calculate the remainder when 7073 is divided by 1766.
9
Calculate the remainder when 7181 is divided by 881.
133
Calculate the remainder when 26617 is divided by 361.
264
Calculate the remainder when 2083 is divided by 296.
11
What is the remainder when 4910 is divided by 106?
34
Calculate the remainder when 1329653 is divided by 22.
17
What is the remainder when 84264 is divided by 28032?
168
Calculate the remainder when 79997 is divided by 91.
8
What is the remainder when 167815 is divided by 49?
39
Calculate the remainder when 130170 is divided by 129.
9
What is the remainder when 860 is divided by 234?
158
Calculate the remainder when 147296 is divided by 48.
32
What is the remainder when 3823 is divided by 417?
70
Calculate the remainder when 174393 is divided by 1.
0
What is the remainder when 65418 is divided by 29?
23
Calculate the remainder when 21042 is divided by 112.
98
What is the remainder when 82137 is divided by 106?
93
Calculate the remainder when 331183 is divided by 60.
43
What is the remainder when 16650 is divided by 8287?
76
Calculate the remainder when 168995 is divided by 3930.
5
Calculate the remainder when 10572 is divided by 158.
144
Calculate the remainder when 63598 is divided by 21008.
574
What is the remainder when 155758 is divided by 15572?
38
Calculate the remainder when 6861 is divided by 102.
27
Calculate the remainder when 5403 is divided by 288.
219
What is the remainder when 245068 is divided by 30632?
12
What is the remainder when 4760 is divided by 3593?
1167
Calculate the remainder when 45744 is divided by 11.
6
Calculate the remainder when 29301 is divided by 88.
85
Calculate the remainder when 335330 is divided by 469.
464
What is the remainder when 121913 is divided by 40635?
8
Calculate the remainder when 33519 is divided by 84.
3
Calculate the remainder when 13905 is divided by 49.
38
Calculate the remainder when 6045 is divided by 3018.
9
What is the remainder when 2854 is divided by 1425?
4
What is the remainder when 187409 is divided by 37477?
24
Calculate the remainder when 280 is divided by 13.
7
Calculate the remainder when 2210 is divided by 558.
536
What is the remainder when 43606 is divided by 299?
251
What is the remainder when 39077 is divided by 21?
17
What is the remainder when 629434 is divided by 7319?
0
What is the remainder when 408077 is divided by 3139?
7
Calculate the remainder when 1528 is divided by 55.
43
Calculate the remainder when 3381 is divided by 1641.
99
Calculate the remainder when 15791 is divided by 7674.
443
Calculate the remainder when 65179 is divided by 388.
383
Calculate the remainder when 9784 is divided by 2162.
1136
What is the remainder when 276586 is divided by 394?
392
What is the remainder when 645564 is divided by 314?
294
Calculate the remainder when 2322 is divided by 3.
0
Calculate the remainder when 31104 is divided by 31078.
26
What is the remainder when 272236 is divided by 20?
16
Calculate the remainder when 7467 is divided by 932.
11
What is the remainder when 2530 is divided by 1276?
1254
Calculate the remainder when 8350 is divided by 116.
114
What is the remainder when 171357 is divided by 56?
53
What is the remainder when 2689 is divided by 319?
137
What is the remainder when 61394 is divided by 18?
14
Calculate the remainder when 5255 is divided by 229.
217
What is the remainder when 19552 is divided by 190?
172
What is the remainder when 1713 is divided by 397?
125
What is the remainder when 145946 is divided by 498?
32
Calculate the remainder when 263 is divided by 178.
85
What is the remainder when 63140 is divided by 73?
68
What is the remainder when 25531 is divided by 232?
11
Calculate the remainder when 85950 is divided by 1433.
1403
Calculate the remainder when 4137 is divided by 4113.
24
What is the remainder when 1248 is divided by 238?
58
What is the remainder when 1133430 is divided by 21?
18
Calculate the remainder when 4360 is divided by 168.
160
Calculate the remainder when 2254 is divided by 2203.
51
Calculate the remainder when 7173 is divided by 2293.
294
What is the remainder when 31902 is divided by 541?
524
What is the remainder when 57688 is divided by 421?
11
Calculate the remainder when 265759 is divided by 12.
7
Calculate the remainder when 3341 is divided by 187.
162
Calculate the remainder when 42418 is divided by 499.
3
What is the remainder when 219 is divided by 56?
51
What is the remainder when 127069 is divided by 103?
70
Calculate the remainder when 2489 is divided by 620.
9
What is the remainder when 8036 is divided by 471?
29
What is the remainder when 12567 is divided by 2093?
9
What is the remainder when 140 is divided by 19?
7
Calculate the remainder when 46676 is divided by 11667.
8
What is the remainder when 106224 is divided by 35404?
12
Calculate the remainder when 707 is divided by 178.
173
Calculate the remainder when 1205 is divided by 358.
131
Calculate the remainder when 2021 is divided by 2018.
3
Calculate the remainder when 6098734 is divided by 784.
782
What is the remainder when 11128 is divided by 34?
10
Calculate the remainder when 712 is divided by 332.
48
What is the remainder when 5379 is divided by 597?
6
What is the remainder when 3234 is divided by 230?
14
What is the remainder when 2865 is divided by 287?
282
Calculate the remainder when 1525 is divided by 34.
29
Calculate the remainder when 13317 is divided by 185.
182
What is the remainder when 7946 is divided by 2617?
95
What is the remainder when 56169 is divided by 16?
9
Calculate the remainder when 15082 is divided by 3006.
52
What is the remainder when 171460 is divided by 57140?
40
Calculate the remainder when 700 is divided by 45.
25
Calculate the remainder when 7278 is divided by 76.
58
What is the remainder when 3407 is divided by 103?
8
Calculate the remainder when 17599 is divided by 44.
43
Calculate the remainder when 15877 is divided by 2639.
43
What is the remainder when 6619 is divided by 291?
217
Calculate the remainder when 1206 is divided by 123.
99
What is the remainder when 1874 is divided by 9?
2
Calculate the remainder when 1536 is divided by 172.
160
What is the remainder when 5839 is divided by 1246?
855
Calculate the remainder when 23535 is divided by 23475.
60
What is the remainder when 9586 is divided by 3176?
58
Calculate the remainder when 17667 is divided by 255.
72
What is the remainder when 1054101 is divided by 12?
9
What is the remainder when 28748 is divided by 14337?
74
What is the remainder when 10490 is divided by 500?
490
What is the remainder when 77037 is divided by 747?
96
What is the remainder when 15062 is divided by 5020?
2
What is the remainder when 28828 is divided by 75?
28
What is the remainder when 431 is divided by 127?
50
Calculate the remainder when 14904 is divided by 1532.
1116
Calculate the remainder when 1169485 is divided by 11.
9
Calculate the remainder when 2518 is divided by 1018.
482
Calculate the remainder when 4514 is divided by 635.
69
Calculate the remainder when 21428 is divided by 562.
72
What is the remainder when 12816 is divided by 33?
12
What is the remainder when 2630 is divided by 533?
498
What is the remainder when 2288 is divided by 292?
244
Calculate the remainder when 35556 is divided by 116.
60
Calculate the remainder when 1772 is divided by 9.
8
What is the remainder when 341458 is divided by 1588?
38
Calculate the remainder when 63663 is divided by 7957.
7
Calculate the remainder when 307 is divided by 305.
2
Calculate the remainder when 24281 is divided by 342.
341
Calculate the re